hat is i(b)?
10
Let t(z) = -3*z - 8. Suppose -5*f + 0*f = -o - 35, -f - 4*o + 28 = 0. Give t(f).
-32
Let o(x) = -x + 1. Let b(l) = l - 1. Let w(d) = 6*b(d) + 7*o(d). Suppose 3*m + 2*m - 5 = 0. Let j be -3 + 0 - m - 1. Calculate w(j).
6
Suppose -10*r = -5*r - 15. Let t(w) = w**3 - r*w - 6*w**2 + 3*w + 6*w. Give t(4).
-8
Let i = 7 + -5. Suppose -2*m = i*m - h + 8, m + 2 = h. Let u(q) = 3*q + 2. Determine u(m).
-4
Suppose 0 = -2*b + 4*t - 8, -3*t + 4 = -2*b - 0*t. Suppose b*w + 5*h = -0*h, -2*w + h = 0. Let c(l) = 14*l + w*l - l + 3*l. Give c(1).
16
Let o be 9/(45/20) + 4. Let j(g) = -1 - 10*g + o*g - 2*g. Determine j(2).
-9
Suppose -w + 4*x + 22 = 0, 0 = -5*w + 2*x + 2*x + 30. Let y(i) = 15 + 15 + i**2 + w*i + i - 27. What is y(-5)?
13
Let j(k) = -k**2 - 4*k - 4. Let h be j(-7). Let i(s) = s**3 + 25*s**2 - 3*s - 75. Let z be i(h). Let y(d) = -d**2 - 25. What is y(z)?
-25
Let b = -15 + 5. Let p = b + 7. Let d(n) = 6*n**2 - 31*n + 5. Let s(f) = f**2 - 6*f + 1. Let v(r) = -2*d(r) + 11*s(r). Calculate v(p).
4
Suppose 8*m + 48 - 8 = 0. Let l(y) = -232*y - 64. Let g(j) = -18*j - 5. Let p(a) = m*l(a) + 64*g(a). Determine p(1).
8
Let q(a) = 5*a**3 + 12*a**2 - 3*a + 4. Let p(t) = 9*t**3 + 23*t**2 - 5*t + 7. Let d(z) = 6*p(z) - 11*q(z). What is d(7)?
-30
Let p(m) be the second derivative of -m**5/20 - m**4/4 + 7*m**3/6 + 9*m**2/2 + 121*m. Give p(-4).
-3
Let k(m) = 14*m**3 + 6*m**2 + 3*m + 8. Let d(j) = 5*j**3 + 2*j**2 + j + 3. Let f(i) = i + 21. Let p be f(-10). Let w(r) = p*d(r) - 4*k(r). Determine w(-3).
13
Let r(c) = -9*c - 7. Let b = -144 + 140. Calculate r(b).
29
Let f(d) be the third derivative of -d**4/24 - d**3/6 + 2*d**2. Suppose 31*n - 15*n = 144. Calculate f(n).
-10
Let y(o) = -25 - 5*o + 15 + 10. Determine y(-1).
5
Let o(g) = 5*g**3 + 2*g**3 - 6*g**3 + 12*g**2 + 5*g**3 - 5*g**3 - 2 - 13*g. Determine o(-13).
-2
Suppose -3 + 45 = 21*u. Let c(v) be the second derivative of -v**4/12 - v**3/3 - v**2/2 + 8*v. What is c(u)?
-9
Suppose -3*w + 7*a - 18 = 10*a, 0 = -w + 5*a. Let h(p) = -7*p - 25. Calculate h(w).
10
Suppose -5*c - c + 30 = 0. Let y(i) = 4 + 0 - c + 3*i + 3*i. Let t(w) = -2*w**3. Let b be t(1). Give y(b).
-13
Suppose -2*z + 16 = -6*z. Let n(b) = -3*b**2 - 21*b - 9. Let o(a) = -2*a**2 - 14*a - 6. Let i(f) = -5*n(f) + 8*o(f). What is i(z)?
9
Suppose 5*p + 9 = -6. Suppose q + 5*t - 134 = 0, -2*q + 296 = -t - 3*t. Let g(c) = -287 + q + c**3 + 2*c + 3*c**2 + 144. Determine g(p).
-5
Let k(q) = -12*q + 51. Let m(g) = -4. Let p(w) = k(w) + 12*m(w). What is p(2)?
-21
Let o(t) = -28*t**2 + 2 + 3 - 36*t**2 + t + 63*t**2 - 3*t. Calculate o(-3).
2
Let x = 22 - 10. Suppose -2*v - x = 2*p, -p + 2*v = -0*p. Let j(b) = -39*b + 186. Let u(g) = -8*g + 39. Let k(y) = 5*j(y) - 24*u(y). What is k(p)?
6
Let x(u) be the third derivative of -1/6*u**3 + 1/24*u**4 + 12*u**2 + 0 + 0*u. Determine x(1).
0
Let a(c) = c + 2*c + c**2 - 4 + c. Suppose 5*d = 4*q + 98 - 268, d + 48 = -2*q. Let k = -42 - d. Calculate a(k).
-4
Let j(q) be the third derivative of -q**5/10 - q**4/12 - q**3/6 + 2*q**2. Let r = 52 - 87. Let x be 1/6 + r/30. What is j(x)?
-5
Let o(q) = -11*q + 1. Let r be o(1). Let n(z) be the third derivative of -z**4/12 - 5*z**3/2 - 294*z**2. Calculate n(r).
5
Let g(d) = 7*d - 6. Let n(i) = 41*i - 405. Let w be n(10). Give g(w).
29
Let v(g) = -g - 7. Suppose 3*r - r - i = 73, 2*i - 120 = -3*r. Suppose 4*a + 38 + r = 0. Let x = 12 + a. Give v(x).
0
Let a be -1 - 13 - (4 + -4). Let v = a + 22. Suppose 5*k = v + 22. Let y(d) = -2*d**2 + 8*d + 5. What is y(k)?
-19
Let v(l) = -l**3 - l**2 + 3*l - 3. Let d be 0 + -6*(-3 + 5). Let k = -10 - d. Let c(w) = -w**3 + 2*w**2 - 3*w + 3. Let o be c(k). Determine v(o).
6
Let s(a) = 31*a - 52 - 83*a + 29*a + 25*a. Determine s(23).
-6
Let a(y) = 3*y - 1. Let z = -30 - -29. Suppose -3*f = n - 0*n - 17, 2*n - 14 = -2*f. Let u be (z + n)/(6 - 5). Give a(u).
2
Let m(w) = 4*w - 1. Let b be m(-2). Suppose k + 3*k + 39 = 3*s, 0 = -4*k + 2*s - 42. Let f = b - k. Let t(d) = -d**2 + d - 3. What is t(f)?
-9
Let c(k) = -5*k - 4. Suppose 11*v = 17*v + 24. Determine c(v).
16
Let b(p) = -3*p - 24. Let u = 16 + -27. Let s be b(u). Let q(m) = m - 4. Determine q(s).
5
Let q(d) = -13*d**2 + d - 5. Let h be 6/10 + (-64)/(-10). Let a(w) = 1 + 6*w - h*w + 6*w**2 + 1. Let t(o) = -9*a(o) - 4*q(o). Give t(4).
-10
Let v(y) = -y**2 + 10. Let z be 6/(-33) - (60/33 - 2). What is v(z)?
10
Suppose 0 = -2*j - 2*w - 8, 5*j + w - 6*w = -30. Let k(y) = y**3 + 6*y**2 + 4*y - 3. Give k(j).
2
Suppose -21*w - 1374 = -27*w. Let j(f) = -1 - w*f**2 + 230*f**2 + 8*f - 3*f. Calculate j(-4).
-5
Let t(j) = -1 + 84*j**3 - 2*j - 2 + 2*j**2 - 83*j**3 - 6*j. Calculate t(-4).
-3
Let s(w) = -w**3 + 10*w**2 - 3*w + 7. Suppose 6*k + 8*k - 140 = 0. What is s(k)?
-23
Let m(l) be the second derivative of -l**6/120 - l**5/15 + 2*l**3/3 - 17*l**2 - 43*l. Let t(w) be the first derivative of m(w). Determine t(-3).
-5
Let x be 1/(3 - (-352)/(-116)). Let n = x - -31. Let h(i) = -2*i + 3*i + n*i. Calculate h(2).
6
Let q(c) be the third derivative of 3*c**4/8 - c**3/2 + c**2. Let k = 0 - -2. Determine q(k).
15
Let s(i) = -i**2 - 5*i + 10. Let m be s(-7). Let b = m + -1. Let r(h) = h**2 + 4*h + 1. Determine r(b).
6
Let f = 34 + -40. Let y(n) be the first derivative of -n**5/120 - n**4/24 - n**3/3 + 2. Let g(d) be the third derivative of y(d). Give g(f).
5
Let o(j) = -4*j - 10. Let n(f) = 7*f + 21. Let v(l) = -3*n(l) - 5*o(l). Let q be v(-9). Let y be ((-6)/q)/(12/24). Let w(b) = -2*b. Calculate w(y).
-6
Let a(b) = -b**2 + 8*b + 14. Let j(p) = -p**3 - 16*p**2 - 30*p + 128. Let d be j(-13). What is a(d)?
-19
Suppose -2*x - 3*t + 7 = 0, 4*t - t - 8 = -x. Let r(w) be the first derivative of 1/2*w**2 + w + 11. Determine r(x).
0
Suppose 0*h - 2*h + 16 = 0. Let k = 12 - h. Suppose -6*q + k*q = 10. Let y(t) = t**3 + 6*t**2 + 5*t - 3. What is y(q)?
-3
Suppose -32*i = -41*i - 72. Let k(a) = a**3 + 7*a**2 - 7*a + 9. What is k(i)?
1
Suppose 5*k = 2*k + 9. Let v(i) be the second derivative of i**4/12 - i**3/6 - i**2 - 21*i. Determine v(k).
4
Let x(b) = b**3 + 6*b**2 - 2*b + 4. Let h be x(-6). Suppose -15*w - 6 = -h*w. Let u(o) = -2*o + 4. Give u(w).
-8
Let u(j) = -j**3 - j**2 - j + 6. Let r be (-4)/10 + 124/10 + 0. Suppose 2*a - 3*i = r, -a + 3*a + 8 = -2*i. Calculate u(a).
6
Let c(r) = 2*r - 1. Let a = 14 - 14. Let d(z) = -z**3 - z**2 + 2*z - 26. Let o be d(a). Let p = o + 24. Calculate c(p).
-5
Let y(l) = -12*l + 258 + 4*l - 244 + 7*l + 2*l. Let o(g) = -g - 7. Let v be o(0). Calculate y(v).
7
Let j(s) be the first derivative of -1/4*s**4 + 9*s - 15 - 8/3*s**3 + 1/2*s**2. Determine j(-8).
1
Let x be ((6 + -5)/3)/((-1)/(-9)). Let z(a) = -a**3 + 4*a**2 - a + 1. What is z(x)?
7
Let y = 20 - 23. Let p(w) = w**3 + 2*w**2 - 4*w - 1. Let h be p(y). Let j(l) = -l + 2. Determine j(h).
0
Let f(k) = 3*k**2 + k - 2*k**2 - 2 + 2*k**2 - 4*k**2. Let m(v) = v**3 + 3*v**2 + 2. Let h be m(-3). Give f(h).
-4
Let s(q) = -88*q + 37*q + 42*q - 6 - q**2. What is s(-6)?
12
Let a be (12/3 + -3)*-3. Let r(d) = -117*d + 54*d + 1 + 59*d. Give r(a).
13
Let v(h) = h**2 + 7*h + 6. Let o(b) = 27*b + 2. Let p be o(-1). Let g be (-2 - 60/p)*-15. Give v(g).
0
Let k(y) be the second derivative of 3*y**3/2 - 15*y**2/2 + 7*y. Let j(h) = -4*h + 7. Let f(a) = 13*j(a) + 6*k(a). Let p = -2 + 4. Determine f(p).
5
Let k(y) = -y**2 + 10*y - 13. Let z be ((-19624)/24)/(-11) - (-1)/(-3). Let d = z + -65. Calculate k(d).
-4
Let a(p) = p - 3. Suppose 0 = 419*l - 432*l + 52. Let w be 5/((1/1)/1). Suppose 3*y - w = 5*m, -y - l*m - 25 = -4. What is a(y)?
-8
Let d(a) = -a**3 - 5*a**2 - 3*a - 11. Let z(m) = m**3 + 5*m**2 + 5*m + 12. Let t(u) = 5*d(u) + 4*z(u). Give t(-6).
-1
Let s(a) = a**2 - 4*a - 3. Suppose 30 = 5*c + c. Let j be ((-6)/c)/(14/35). Give s(j).
18
Suppose -d + 2*z - 4 = 2, -5*d - 10 = -5*z. Let y(i) = -d*i**2 + 2 + 2 - 2 + i - 1. Let o be 1/(1 + (-6)/4). What is y(o)?
-9
Let p be (-1 - 1)*-1*-2. Let k be 38/(-8) - (-1)/p. Let f(g) = -5*g**2 + 4*g - 2*g - 3 - 10*g**3 - 4*g + 9*g**3. What is f(k)?
7
Let b(o) be the second derivative of -o**5/20 + 2*o**4/3 - 4*o**3/3 + 4*o**2 - 159*o - 2. Let m be (-4)/6 - 46/(-6). Give b(m).
1
Let t be (-14 + 20)/(3/8). Let m be t/(-2) - (2 + -5). Let n(i) = i**2 + 6*i + 1. Calculate n(m).
-4
Let u(t) be th